t common divisor of 149071 and 65.
13
What is the greatest common factor of 209 and 25157?
11
What is the highest common divisor of 75 and 463000?
25
What is the greatest common factor of 901 and 8?
1
Calculate the highest common factor of 1160 and 129224.
232
Calculate the greatest common factor of 2508 and 276.
12
Calculate the highest common divisor of 2096 and 12314.
262
What is the greatest common factor of 735 and 2193975?
735
Calculate the highest common factor of 2064 and 102426.
258
What is the greatest common factor of 39768 and 16?
8
What is the greatest common factor of 590 and 3490?
10
What is the highest common divisor of 246 and 27634?
82
What is the greatest common factor of 266823 and 207?
207
Calculate the highest common divisor of 546 and 29841.
21
What is the highest common divisor of 429 and 74745?
33
What is the highest common divisor of 3110 and 560?
10
Calculate the greatest common divisor of 216 and 44469.
27
Calculate the highest common divisor of 3377 and 671.
11
Calculate the greatest common factor of 4015119 and 1266.
633
What is the greatest common factor of 57 and 9253?
19
Calculate the greatest common divisor of 87 and 8497.
29
What is the greatest common divisor of 24375 and 14430?
195
Calculate the greatest common divisor of 2203993 and 11.
11
What is the greatest common divisor of 320 and 397504?
64
Calculate the greatest common divisor of 1635 and 201759.
327
What is the highest common divisor of 157456 and 114307?
757
What is the highest common factor of 10241 and 1881?
209
Calculate the highest common divisor of 1300 and 7852.
52
Calculate the greatest common divisor of 118700 and 2300.
100
Calculate the greatest common divisor of 371 and 109339.
53
Calculate the highest common divisor of 14943 and 392913.
879
Calculate the highest common factor of 606 and 129.
3
Calculate the greatest common factor of 131026 and 764.
382
What is the greatest common divisor of 41440 and 31968?
1184
What is the highest common factor of 713 and 23483?
23
What is the highest common divisor of 32505 and 825?
165
Calculate the highest common divisor of 42 and 9612.
6
Calculate the highest common factor of 215 and 1130040.
215
What is the greatest common factor of 4029 and 70547?
79
Calculate the greatest common factor of 4509 and 1269.
27
What is the highest common factor of 36 and 2004?
12
What is the greatest common divisor of 434 and 114452?
62
What is the greatest common factor of 1 and 11141?
1
What is the greatest common factor of 79590 and 630?
210
Calculate the greatest common factor of 42887 and 13.
13
What is the greatest common factor of 567 and 4746?
21
What is the greatest common factor of 278 and 73114?
278
Calculate the highest common divisor of 110 and 2253680.
110
Calculate the highest common factor of 321730 and 20.
10
Calculate the greatest common divisor of 545 and 5175.
5
Calculate the highest common divisor of 10570 and 392.
14
What is the highest common factor of 726096 and 378?
42
What is the highest common divisor of 3556 and 25908?
508
Calculate the greatest common factor of 2375 and 579025.
475
Calculate the highest common factor of 109 and 348364.
109
Calculate the highest common divisor of 5402 and 3959.
37
Calculate the greatest common factor of 134582 and 14.
14
Calculate the greatest common factor of 29391 and 909.
303
Calculate the highest common factor of 4061 and 4619.
31
What is the greatest common factor of 13205 and 10?
5
Calculate the highest common factor of 977237 and 401.
401
What is the greatest common factor of 2052 and 50004?
108
Calculate the highest common factor of 33 and 1110747.
33
What is the greatest common factor of 3478556 and 1084?
1084
What is the greatest common divisor of 224 and 1285144?
56
Calculate the highest common factor of 31332 and 912.
12
What is the greatest common divisor of 66 and 14223?
33
Calculate the greatest common factor of 483 and 1579410.
483
Calculate the greatest common factor of 6872 and 9.
1
What is the highest common divisor of 299 and 4439?
23
Calculate the highest common factor of 44881 and 37.
37
Calculate the greatest common divisor of 5592 and 3372.
12
What is the highest common divisor of 22 and 102993?
11
Calculate the highest common factor of 2276 and 512.
4
What is the greatest common factor of 964017 and 94?
47
Calculate the highest common factor of 10744 and 94168.
632
What is the greatest common divisor of 146 and 2416884?
146
What is the greatest common divisor of 135 and 212085?
135
Calculate the highest common factor of 9712 and 363593.
607
What is the greatest common factor of 120 and 17916?
12
Calculate the greatest common divisor of 1600 and 3050.
50
What is the highest common divisor of 1954 and 16?
2
What is the greatest common factor of 189 and 214263?
63
What is the highest common factor of 307348 and 8?
4
What is the greatest common divisor of 270 and 149715?
135
What is the greatest common factor of 254925 and 300?
75
Calculate the greatest common divisor of 1582 and 2590.
14
Calculate the highest common divisor of 133 and 5880.
7
What is the highest common divisor of 9 and 167577?
3
What is the greatest common divisor of 336 and 6034?
14
What is the highest common factor of 1859 and 2704?
169
Calculate the greatest common divisor of 3795 and 1443365.
1265
Calculate the greatest common factor of 12 and 1756.
4
Calculate the highest common divisor of 5346 and 869.
11
Calculate the greatest common divisor of 2187 and 918.
27
Calculate the highest common factor of 2470 and 8320.
130
Calculate the greatest common divisor of 598 and 362986.
598
What is the greatest common divisor of 112942 and 596?
298
What is the highest common divisor of 347 and 214?
1
Calculate the highest common factor of 1650 and 12144.
66
Calculate the highest common factor of 42 and 2209354.
14
Calculate the greatest common divisor of 990 and 426294.
198
What is the greatest common divisor of 17 and 755633?
17
Calculate the highest common factor of 1920 and 994944.
384
Calculate the highest common divisor of 35073 and 76641.
1299
What is the greatest common factor of 21 and 5747?
7
Calculate the highest common factor of 57358 and 378.
14
Calculate the greatest common divisor of 310 and 98642.
62
What is the greatest common divisor of 1232 and 336560?
112
Calculate the greatest common factor of 304 and 13319.
19
What is the greatest common factor of 2680 and 5120?
40
Calculate the greatest common divisor of 986385 and 2565.
285
What is the greatest common divisor of 39996 and 84?
12
What is the greatest common divisor of 5184 and 132624?
432
Calculate the greatest common factor of 5985 and 10.
5
What is the highest common factor of 370397 and 18299?
631
Calculate the highest common factor of 6 and 440262.
6
Calculate the highest common factor of 319600 and 8600.
200
What is the greatest common factor of 28575 and 60?
15
Calculate the highest common divisor of 4097 and 1717.
17
What is the greatest common factor of 828 and 49956?
276
What is the greatest common divisor of 22774 and 236?
118
Calculate the greatest common divisor of 722016 and 391.
23
What is the highest common factor of 12 and 1592?
4
What is the highest common factor of 283 and 27?
1
What is the highest common factor of 526815 and 8280?
1035
Calculate the highest common divisor of 16 and 7710672.
16
What is the greatest common divisor of 119 and 22627?
17
Calculate the highest common divisor of 24334 and 1334.
46
What is the highest common factor of 936 and 3176?
8
What is the highest common divisor of 799 and 14852?
47
Calculate the highest common divisor of 54 and 1473084.
18
What is the greatest common factor of 8549 and 3399?
103
What is the greatest common factor of 16758 and 27018?
342
What is the highest common factor of 310 and 70370?
310
Calculate the greatest common divisor of 3924 and 372.
12
Calculate the highest common divisor of 325384 and 1691.
89
Calculate the highest common factor of 154 and 147994.
154
Calculate the greatest common divisor of 2045 and 65.
5
What is the greatest common factor of 1375 and 181225?
275
What is the greatest common divisor of 201 and 35443?
67
What is the highest common divisor of 63 and 260351?
7
Calculate the greatest common factor of 18